 = -8*y. List the prime factors of (0 - 8)/(y/12).
2
Suppose 4*z + 53 - 373 = 0. What are the prime factors of z?
2, 5
Let o be 6/(-27) - 40/(-18). List the prime factors of o*1/(-2)*-17.
17
Let r(c) be the third derivative of c**6/120 - c**5/12 - c**4/6 - 2*c**2. Let p be r(6). Suppose -4*y = -y - p. What are the prime factors of y?
2
Let q(h) = -h**2 + h + 9. Let o be q(0). Let v(x) = 2*x + 9. Let b be v(6). Suppose 0*k - b = -k - 3*p, 0 = 3*p - o. What are the prime factors of k?
2, 3
Let l(b) = -4*b - 8. What are the prime factors of l(-10)?
2
Let n = 5 + -2. Suppose -n*o = -8 - 4. What are the prime factors of o?
2
Let b = 4 - 0. Let o(n) = 2*n + 1. List the prime factors of o(b).
3
Let a(s) be the third derivative of -s**5/120 + 11*s**4/24 - s**3/3 - 2*s**2. Let b(u) be the first derivative of a(u). What are the prime factors of b(8)?
3
Let z be 4/10 + (-36)/(-10). Let x(l) = 3*l + 4. Let w(j) = 2*j + 3. Let c(t) = -7*w(t) + 5*x(t). What are the prime factors of c(z)?
3
Suppose -3*j = 2*j - 15, -4*j = 2*p - 38. List the prime factors of p.
13
Suppose -8*b + 689 = -359. List the prime factors of b.
131
Let g(k) be the second derivative of -k**5/10 + k**4/6 + k**3/3 + k**2/2 - k. List the prime factors of g(-2).
3, 7
Suppose -4*v - 3*o + 22 = -5, v - o + 2 = 0. Suppose -v*k + 4*k = 6. List the prime factors of k.
2, 3
List the prime factors of (-1 - 3) + 1 - -7.
2
Let c(l) = l**3 + 7*l**2 - 6. Let j be c(-7). Let t be (-3)/j - 26/4. What are the prime factors of (-48)/(-9) + (-4)/t?
2, 3
Let s(g) = -g**2 - 8*g. Let h be s(-8). Suppose h*o - 145 = -5*o. List the prime factors of o.
29
Suppose -w = -5*w + 5*l + 22, -5*l = -2*w + 16. Suppose w*h - 20 = -h. List the prime factors of h.
5
Suppose -15 = -7*z + 2*z. Suppose -3*l = -l - 2. What are the prime factors of z/(-2)*-2*l?
3
What are the prime factors of (-636)/(-21) - (-6)/(-21)?
2, 3, 5
Let w(u) = -u + 8. Let q be w(-6). Suppose -y + 5 + q = 0. List the prime factors of y.
19
Suppose 20 = -0*l + 5*l. Suppose -2*w + 3*w = -a + 22, -l*a = -5*w + 101. Suppose -3*j + w = 3*v, 0*v - 5*v = -j - 11. What are the prime factors of j?
2
Let r = 14 + -12. Suppose 0 = p - r*a - 30, 8*p = 3*p + 2*a + 166. List the prime factors of p.
2, 17
Let b be 16 + -1 + (-8 - -6). Suppose 1 = -2*z + b. What are the prime factors of z?
2, 3
Suppose c - 4 = 2*c, -5*c = 3*t - 4. What are the prime factors of (26/t)/(6/24)?
13
Let o(c) = -c**2 - 32*c - 27. What are the prime factors of o(-26)?
3, 43
Let d be ((-2)/4)/((-9)/306). Let b = d + 27. List the prime factors of b.
2, 11
Suppose 2*f - 4 = -2, 4*x + 4*f - 8 = 0. Suppose z - 124 = -3*z. Suppose 3*o - 1 - x = -m, 2*m - z = 3*o. What are the prime factors of m?
11
Suppose 0 = -5*t - 5*t + 1030. What are the prime factors of t?
103
Let m(l) be the first derivative of -3*l**2/2 - 6*l - 3. List the prime factors of m(-9).
3, 7
Let z be (4/(-5))/(4/20). Let h(w) = -1 - 4 + 2 + w**2 - w - w. What are the prime factors of h(z)?
3, 7
Let y be 18/12 + (-1)/(-2). Let x be (6/4 + 1)*y. Suppose 4*a - p - 4*p - 29 = 0, -4*a + 59 = x*p. List the prime factors of a.
11
Suppose 2*i = 6*i - 8. Suppose -3*h + 195 = i*h. List the prime factors of h.
3, 13
Let x(b) = -141*b + 1. List the prime factors of x(-1).
2, 71
Let x be -1 - 6*(2 - 1). Suppose 27 + 17 = 4*p. Let b = x + p. What are the prime factors of b?
2
Suppose -189 = -4*w + 55. List the prime factors of w.
61
Let p(b) = -b**3 - 19*b**2 + 15*b + 20. List the prime factors of p(-20).
2, 3, 5
Suppose 0 = 4*v - 133 + 9. What are the prime factors of v?
31
Let q(a) = 7*a**3 - a**2 - 2. List the prime factors of q(2).
2, 5
Suppose -7*t + 3*t + 8 = 0. Let o(i) = -2*i**3 + i**3 - 2*i - i**2 - t + 2*i**3. List the prime factors of o(3).
2, 5
Let h(r) = r**2 - 2*r - 3. Let w be (5/(-3))/((-7)/21). List the prime factors of h(w).
2, 3
Let p(c) = 4*c**2 - c**3 + 3*c - 2*c**3 + 4*c**3. Suppose 0*q + 3 = s + q, -5*q = -25. What are the prime factors of p(s)?
2
Let p(a) = -79*a**3. What are the prime factors of p(-1)?
79
Let p = -13 + 18. Let s(n) = n**2 - n - 4. List the prime factors of s(p).
2
Suppose 332 = 4*o - 68. List the prime factors of o.
2, 5
Let b(i) = -i + 16. Suppose -5*t = 3*k - 59, 0 = -2*t - 3*k - 5 + 34. What are the prime factors of b(t)?
2, 3
List the prime factors of 1/((-4 - 0)/(-1016)).
2, 127
Let r be 8/6*(-3)/(-2). Let j = -3 + r. Let c = j - -12. What are the prime factors of c?
11
Let a(s) = 2 - 3*s + s - 10. Suppose 0 = -7*o + 12*o + 40. List the prime factors of a(o).
2
Let t = -1 + 3. Let f(b) = 2*b + 2*b**2 + b**2 + 1 + 6*b**t. What are the prime factors of f(-1)?
2
Suppose 3*h + p = -17, 3*h + 2*p + 16 = 3. Let f(r) = -2*r**2 - 11*r - 9. Let j be f(h). Let a = -18 - j. What are the prime factors of a?
2, 3
Let a(h) = 6*h + 9. Let r be a(8). Let u = 87 - r. List the prime factors of u.
2, 3, 5
Suppose -j = -0 + 4. Let a(i) = 7*i**3 - 3*i**2 + 3*i + 3. Let d(y) = y**2 - y - 1. Let z(n) = j*d(n) - a(n). What are the prime factors of z(-1)?
2, 3
Suppose -f + 3*v + 17 = 0, 2*v + 0*v = -5*f. Suppose -27 = -3*b + 4*o, o + 22 = f*b - 3*o. Suppose 19 + b = 3*r. What are the prime factors of r?
2
List the prime factors of 264/16*12/9.
2, 11
Let b be (-2)/7 + 60/14. Let f = -2 + b. Suppose 4*g - 32 = -4*k - 4, f*k = g + 23. What are the prime factors of k?
2, 5
Let r = -23 - -26. List the prime factors of r.
3
Suppose 6*h - 52 = 3*h - 4*i, 4*h + 2*i = 66. What are the prime factors of h?
2
What are the prime factors of (2/(-4))/(3/(-654))?
109
Suppose 2*j + 0*j - 611 = -x, j = -x + 303. What are the prime factors of j?
2, 7, 11
Let i = -5 + 10. Suppose -i*b + 6 = -19. Suppose -3*q = -4*y + 99, b*q = -2*y + 2 + 15. What are the prime factors of y?
3, 7
Let n be (-2 + 3)/(2/6). Suppose n*k - 81 = -0*k. What are the prime factors of k?
3
Let i(o) = o - 5. Let r be i(6). Let g be (3 + -3)/(1/r). Suppose g*f = 3*f - 15. List the prime factors of f.
5
Let u = -5 + 10. Suppose u*r - 5*k = 170, 0*k = 5*r + 5*k - 180. What are the prime factors of r?
5, 7
Suppose -5*o - 112 = -4*n - o, 0 = -4*o. What are the prime factors of n?
2, 7
Let y be ((-4)/2)/2*-3. Let t = y + -1. What are the prime factors of (-10 + (-2)/t)*-1?
11
Suppose -2*y = y. Suppose 0 = -4*g - 3*s + 35, -g - 2*g = 3*s - 30. Suppose v - 31 = -3*h, g*v + h + 18 - 103 = y. What are the prime factors of v?
2
List the prime factors of ((-1)/(-2))/(-5*(-8)/2400).
2, 3, 5
Let u be ((-9)/(-12))/(3/204). Suppose u = 4*n - 5. What are the prime factors of n?
2, 7
Suppose 3*x + 50 = -2*x. Let f be (78/15)/((-1)/x). What are the prime factors of f/6 + 2/6?
3
Let c be -7 - (3 + -4)/(-1). What are the prime factors of c/20 + 52/5?
2, 5
Let c(p) = p**3 + 8*p**2 + 7*p - 9. Let u be c(-7). Let d = 2 - u. What are the prime factors of d?
11
Let m = 1 + 2. Suppose 90 = -3*y - m*v, 0*v = -3*y - v - 80. Let f = y - -41. List the prime factors of f.
2
Let i(d) = 2*d**2 - 6*d + 2. What are the prime factors of i(5)?
2, 11
Suppose 0 = -4*w + y + 3*y + 4, 4*y = w - 7. Let x be (-1 + 1*-7)*w. Let o = -4 + x. What are the prime factors of o?
2
Suppose 0 = -0*m + 3*m - 60. Suppose 0 = 2*r + 3*r - m. What are the prime factors of ((-112)/r)/(-2*1)?
2, 7
Let w(z) = -z + 1. Let t be w(2). Let n be (51/t)/(0 - -1). What are the prime factors of (-1)/(-4) + n/(-4)?
13
List the prime factors of ((1 - 0) + 1)/((-29)/(-203)).
2, 7
Let v = 104 - 75. What are the prime factors of v?
29
Let t(s) = 12*s**3 - s**2 + 3*s - 3. List the prime factors of t(1).
11
Let l be 0/(-3 - -2)*1. Suppose 2*i + i + 441 = l. What are the prime factors of i/(-14) - 1/2?
2, 5
Let w(k) = k**2 - 7*k + 3. Let s be w(7). Suppose s*h - 19 - 11 = 0. List the prime factors of h.
2, 5
Suppose -6*d + 9 = -5*d. Let y be (-3)/6*d*2. Let a = -6 - y. What are the prime factors of a?
3
Let w(j) = -j**2 + 3*j - 7. Let y be w(3). Let i = y + 27. What are the prime factors of i?
2, 5
Let s(v) be the second derivative of -v**4/12 + 11*v**3/6 + 4*v**2 + 8*v. List the prime factors of s(10).
2, 3
Suppose -113 = -3*v + 163. Suppose -9*k = -5*k - v. List the prime factors of k.
23
Let i(t) = t**2 - 3*t - 2. Suppose f - 2 = 2*f. Let h be i(f). Suppose -b + 5*b - 4*l = h, 0 = l - 3. What are the prime factors of b?
5
Let w be (-4)/(